prime factors of v(28).
3, 9001
Suppose 2*m - 5*t - 26 = 0, -5*t + 106 = 4*m + 24. Suppose 3*b - m = 93. Suppose b*h - 35*h - 294 = 0. List the prime factors of h.
3, 7
Suppose 0 = 148*a - 137*a - 75845. List the prime factors of a.
5, 7, 197
Suppose 4*n = 2*k + 224, -k + 212 = 4*n - 0*k. Suppose u - 4*h - 49 = 0, -n = 3*u - 4*h - 169. List the prime factors of u.
3, 11
Suppose -28*o - 3*o - 7905 = 0. Let m = 182 - o. List the prime factors of m.
19, 23
Suppose g = 5*v + 3315, -g + 1696 = 5*v - 1589. What are the prime factors of g?
2, 3, 5, 11
Let c = -33893 + 58168. What are the prime factors of c?
5, 971
Let n = 137134 - 69636. What are the prime factors of n?
2, 33749
What are the prime factors of 2/11 - ((-2166646)/253 + 12)?
2, 1069
Suppose i = 3*p + 7, -4*p - 17 = i + 4. What are the prime factors of (-3)/i - (-14352)/(-30)*-1?
479
Let k(l) = l**3 + 14*l**2 + 27*l + 56. Let m be (-4)/(-18) - (-1258)/(-153). What are the prime factors of k(m)?
2, 7
List the prime factors of (-3)/6 - (-37091 - 2/20*5).
29, 1279
Suppose -11*s + 1371 = -8*s. Suppose p - t + 0*t = s, p = 5*t + 465. List the prime factors of p.
5, 7, 13
Let z(b) be the third derivative of 7*b**5/20 - 65*b**4/24 + 7*b**3/3 + 2*b**2 - 66. What are the prime factors of z(6)?
2, 5, 19
Let w(f) = -f**3 - 64*f**2 - 1077*f + 66. What are the prime factors of w(-35)?
2, 13, 43
Let b = 56305 - 23749. List the prime factors of b.
2, 3, 2713
Suppose 0 = 85*w - 29*w - 149632. List the prime factors of w.
2, 167
Let v(q) = 8*q**3 + 311*q**2 - 31*q - 168. List the prime factors of v(-38).
2, 3, 17, 109
Suppose 81*l - 26 = 217. Let b be (3/(-2))/(3/(-8)). Suppose b*i - 556 = -3*d, i - l*d - 67 = 57. List the prime factors of i.
2, 17
Let i(d) = -128*d + 2. Let f be i(-3). Suppose 4*c + 312 = 2*p, 3*c = 2*p - f + 70. What are the prime factors of p?
2, 41
Suppose -3*b - 1775 = -2041 - 3097. What are the prime factors of b?
19, 59
Let x(o) = -7*o - 3. Let g be x(11). Let d be (-36)/(-8)*g/(-6). What are the prime factors of d/2 + (-15)/5?
3
Suppose 12 = -5*g - 13. Let f(r) = r**3 + 8*r**2 + 15*r + 5. Let d be f(g). What are the prime factors of (-3 - 111 - -4)*(-4)/d?
2, 11
Let v(g) = 3*g**3 + 14*g**2 - 6*g + 5. Let a be v(-5). Let s(n) = -66*n - 6. Let y be s(-5). Suppose a*r = 1006 + y. What are the prime factors of r?
7, 19
Let j(x) be the second derivative of x**5/10 - 13*x**4/12 - 8*x**3/3 - x**2 - 6*x. List the prime factors of j(11).
911
Let y = -598 - -383. Let l = 581 + y. Let p = -246 + l. What are the prime factors of p?
2, 3, 5
Suppose 10*m - 2278 + 4261 = 22333. What are the prime factors of m?
5, 11, 37
Suppose -2*n - 3 + 3 = 0. Suppose 2*f - 248 - 28 = n. Suppose 2*g + 2*d = f, -g + 4*d = -48 - 1. What are the prime factors of g?
5, 13
Suppose -618 = -6*b - 138. Suppose -2*v = -0*v - b. What are the prime factors of 1/5 + (-2)/(v/(-916))?
2, 23
Let z be -2*1/(-13) - (-912)/156. Suppose 5*s - 2*q = 25 - 6, 4*s - z = -3*q. Suppose -3*j + 136 = s*c + c, 5*j + 2*c = 222. What are the prime factors of j?
2, 11
Let t(r) = 94 + r**3 - 9*r - 295 + 100 + 97 - 8*r**2. Suppose 3*h - 2*h = -z + 9, -5*z - 45 = -4*h. List the prime factors of t(h).
2, 53
Suppose -4*j = -10*j - 0*j + 65160. What are the prime factors of j?
2, 3, 5, 181
Let h = -2119 + 5729. List the prime factors of h.
2, 5, 19
Suppose -7776 = -20*o + 12*o. Suppose -4*c + o = -1200. List the prime factors of c.
3, 181
Suppose 2806*f - 2817*f + 75845 = 0. List the prime factors of f.
5, 7, 197
Suppose -1265880 = -222*h + 54*h. List the prime factors of h.
5, 11, 137
Let c = 892 - 477. Let h = c + -173. What are the prime factors of h?
2, 11
Suppose -4*d = -2071 + 539. Suppose -2*r + 780 = -3*a, -r + 3*a + 2*a + d = 0. List the prime factors of r.
3, 131
Suppose -t + 4*f = -15516, 4*f = t + 4*t - 77516. List the prime factors of t/26 - 50/325.
2, 149
Let l = 5873 + -2813. Let i = l - 2139. List the prime factors of i.
3, 307
Let r(a) = 3*a + 22. Let g be r(-6). Let w(u) = -u**2 + 5*u + 3. Let q be w(g). Suppose q*h = 11*h - 64. What are the prime factors of h?
2
Let d(w) = -w**3 + 8*w**2 + w + 38. Let g(s) = 14*s + 50. Let k be g(-3). What are the prime factors of d(k)?
2, 23
Let v(i) = -i**3 - 15*i**2 - 24*i + 28. Let w be v(-13). Suppose 20 = -a + 5*a. Suppose 105 = w*k + 2*k + a*n, -5*k - 4*n = -138. List the prime factors of k.
2, 3, 5
Suppose -3*i - 2*y + 208 = i, i + 5*y - 70 = 0. Suppose 55*s + 15 = i*s. List the prime factors of -10*15*(19/(-5) - s).
2, 3, 5
Let o = 84 + 3114. What are the prime factors of (o/(-18))/1*-9?
3, 13, 41
Let p(v) = -v**3 - 5*v**2 + 8. Let m be p(-5). Suppose -m*a + 16*a = 2288. What are the prime factors of a?
2, 11, 13
Let v = 494 - 290. Let s(n) = n**3 + n**2 + n - 2. Let k be s(4). Let r = v - k. What are the prime factors of r?
2, 61
Let b = 77514 - 36721. What are the prime factors of b?
19, 113
List the prime factors of 20/(-15)*(-40341)/2 + 5.
37, 727
Suppose -73*q - 2 = -74*q. Suppose -q*w - 888 = -4*w. List the prime factors of w.
2, 3, 37
List the prime factors of (-3)/15 + (-3726140)/(-700) + (-2)/(-14).
5323
Suppose 337*m - 338*m + 2*g = -53329, 53335 = m - 3*g. List the prime factors of m.
11, 37, 131
Suppose 21*a - 29*a = -328. Let b = -45 - -83. Let t = a - b. List the prime factors of t.
3
Suppose -2*a + 6 = -f, a - 12 = 4*f - 16. Suppose -2*o + 220 = -f*b, -b = 3*o + 3*b - 358. List the prime factors of o.
2, 3, 19
Let q(w) = 21*w + 233*w**3 - 232*w**3 - 17 - 8 - 16*w**2. What are the prime factors of q(16)?
311
Let s be (-79 - (-33)/(-11))/1. Let c be 296/(-10) - (-2)/(-5). Let f = c - s. List the prime factors of f.
2, 13
Let l = -4985 + 26272. What are the prime factors of l?
7, 3041
Let v(k) = 14*k + 179. Let h be v(-13). Let y(f) = -13*f**3 + 2*f**2 - 4*f - 22. What are the prime factors of y(h)?
359
Suppose 24 = 3*c + 3*a, c + 5*a - 4 = 5*c. Suppose -z - c*b = -87, -3*b - 89 = -3*z + 142. Let j = z + 4. What are the prime factors of j?
83
Let d = 121 - 79. Let u(h) = -h**3 - 13*h**2 + 2*h - 14. Let z be u(-13). Let m = d + z. What are the prime factors of m?
2
Let b(y) = 609*y**3 - 3*y**2 + 9*y - 36. What are the prime factors of b(3)?
3, 1823
Suppose -4*t + 132 = -8. List the prime factors of (270/(-126))/((-1)/t).
3, 5
Suppose 12405 = 4*y + 1077. List the prime factors of y.
2, 3, 59
Let i(u) be the third derivative of u**6/6 + 7*u**4/24 - 7*u**3/6 + 23*u**2. List the prime factors of i(3).
2, 277
Let z = -31 - -34. Suppose 251 = z*i - 394. What are the prime factors of i?
5, 43
What are the prime factors of 1*(3986 + -5 + 7 + -9)?
23, 173
Let s(z) = -z**3 + 8*z**2 - 21*z - 42. Let x be s(-8). Suppose 706*t = 704*t + x. What are the prime factors of t?
5, 23
Suppose 20*g - 71260 = 17*g - 2*g. What are the prime factors of g?
2, 7, 509
Let f be (1/(-5))/(65/(-1625)). What are the prime factors of f*18/(-15) + 195?
3, 7
Let l(p) = -90*p**3 + 12*p**2 + 19*p - 32. What are the prime factors of l(-6)?
2, 7, 1409
Let g(t) = -60*t**3 + 3*t**2 + 11*t - 7. List the prime factors of g(-6).
5, 23, 113
Let l be (3/30*-4)/(4/(-40)). Suppose -15*g + 3*k = -14*g - 1429, 5781 = l*g + k. List the prime factors of g.
2, 19
Let m = -203 - -225. List the prime factors of -3 - ((-2409)/m)/(6/8).
11, 13
Let r(m) = -16*m**3 + 3*m**2 + 9*m - 8. Let s be r(-5). Suppose 126 = w - 5*h - s, -3*w - 2*h + 6393 = 0. What are the prime factors of w/15 - 16/(-20)?
11, 13
Let d = 79 - 18. Let r = 226 - d. What are the prime factors of r?
3, 5, 11
Suppose 0 = -18*r + 1575 + 9. Let f = r - 252. Let z = -124 - f. What are the prime factors of z?
2, 5
Suppose -11*b + 14 = -4*b. Suppose -4*j + 1427 = 3*n, -b*n + j - 943 = -4*n. What are the prime factors of n?
7, 67
Let x = 89 + -84. Let b be (6/9)/(((-20)/(-24))/x). Suppose 5*i - 6*o = -2*o + 942, -4*o + 732 = b*i. List the prime factors of i.
2, 3, 31
Suppose -4*y - 8075 = -2*i + 1345, -3*y = 0. What are the prime factors of i?
2, 3, 5, 157
Let r = 11417 + 12406. What are the prime factors of r?
3, 2647
Suppose 312*r = 258*r + 714272 + 713380. List the prime factors of r.
2, 13219
Let m = 43 + -32. Suppose m*h = 7*h + 20. Suppose -4*z - 152 = -h*j, 5*j - 2*z - 60 = 3*j. What are the prime factors of j?
2
Let r(f) = f**3 + 4*f**2 + 3*f + 1. Suppose -